 are the prime factors of 74228?
2, 7, 11, 241
List the prime factors of 2334608.
2, 79, 1847
List the prime factors of 1833500.
2, 5, 19, 193
List the prime factors of 199620.
2, 3, 5, 1109
List the prime factors of 6889193.
6889193
What are the prime factors of 339394?
2, 11, 15427
What are the prime factors of 1759926?
2, 3, 7, 41903
What are the prime factors of 540976?
2, 33811
List the prime factors of 826280.
2, 5, 7, 13, 227
What are the prime factors of 8534009?
11, 70529
List the prime factors of 541103.
191, 2833
List the prime factors of 14369956.
2, 83, 43283
What are the prime factors of 393108?
2, 3, 17, 41, 47
What are the prime factors of 279357?
3, 13, 19, 29
What are the prime factors of 292175?
5, 13, 29, 31
List the prime factors of 11710215.
3, 5, 11, 41, 577
What are the prime factors of 61708?
2, 15427
What are the prime factors of 7471237?
19, 67, 5869
What are the prime factors of 338093?
7, 48299
List the prime factors of 3565812.
2, 3, 297151
What are the prime factors of 173239?
11, 15749
List the prime factors of 199253.
19, 10487
What are the prime factors of 9258158?
2, 7, 13, 43
What are the prime factors of 699326?
2, 349663
What are the prime factors of 1428079?
1428079
List the prime factors of 16183667.
643, 25169
What are the prime factors of 1903640?
2, 5, 47591
What are the prime factors of 1056232?
2, 31, 4259
List the prime factors of 7000866.
2, 3, 388937
What are the prime factors of 90028?
2, 71, 317
List the prime factors of 661113.
3, 17, 29, 149
What are the prime factors of 252536?
2, 31567
List the prime factors of 995300.
2, 5, 37, 269
What are the prime factors of 348275?
5, 13931
What are the prime factors of 889420?
2, 5, 7, 6353
What are the prime factors of 19369188?
2, 3, 17, 31649
List the prime factors of 3512153.
113, 31081
List the prime factors of 1043406.
2, 3, 7, 13
What are the prime factors of 8868029?
127, 69827
What are the prime factors of 229235?
5, 19, 127
List the prime factors of 1953818.
2, 976909
List the prime factors of 4362979.
457, 9547
What are the prime factors of 787041?
3, 157, 557
List the prime factors of 10486688.
2, 17, 37, 521
What are the prime factors of 1809941?
7, 258563
What are the prime factors of 1907674?
2, 311, 3067
What are the prime factors of 141326?
2, 70663
What are the prime factors of 1421447?
19, 79, 947
List the prime factors of 185171.
7, 3779
List the prime factors of 102764.
2, 23, 1117
List the prime factors of 361028.
2, 43, 2099
What are the prime factors of 4215401?
4215401
What are the prime factors of 6405931?
7, 587, 1559
What are the prime factors of 24094246?
2, 11, 99563
What are the prime factors of 92414?
2, 7, 23, 41
What are the prime factors of 2505243?
3, 13, 64237
What are the prime factors of 6419596?
2, 127, 12637
What are the prime factors of 5488402?
2, 463, 5927
List the prime factors of 224803.
41, 5483
What are the prime factors of 166896?
2, 3, 19, 61
What are the prime factors of 1538398?
2, 17, 45247
List the prime factors of 403706.
2, 71, 2843
List the prime factors of 511141.
43, 11887
What are the prime factors of 7332247?
13, 283, 1993
List the prime factors of 3283201.
67, 49003
What are the prime factors of 5118070?
2, 5, 103, 4969
What are the prime factors of 1449195?
3, 5, 11, 8783
List the prime factors of 1178291.
593, 1987
What are the prime factors of 8122498?
2, 17, 238897
What are the prime factors of 8564037?
3, 281, 10159
List the prime factors of 27381443.
37, 53, 13963
What are the prime factors of 7716568?
2, 964571
What are the prime factors of 724031?
7, 11, 9403
What are the prime factors of 11609784?
2, 3, 59, 911
List the prime factors of 423133.
423133
List the prime factors of 858911.
858911
What are the prime factors of 51346?
2, 25673
What are the prime factors of 465193?
647, 719
List the prime factors of 78686.
2, 39343
List the prime factors of 7161910.
2, 5, 7, 101, 1013
List the prime factors of 492948.
2, 3, 13693
List the prime factors of 262337.
262337
What are the prime factors of 3424028?
2, 19, 45053
List the prime factors of 301478.
2, 17, 8867
What are the prime factors of 23526757?
23526757
What are the prime factors of 569639?
7, 19, 4283
What are the prime factors of 8602882?
2, 311, 13831
What are the prime factors of 843384?
2, 3, 35141
List the prime factors of 129950.
2, 5, 23, 113
What are the prime factors of 349934?
2, 13, 43, 313
List the prime factors of 39747.
3, 13249
List the prime factors of 58302.
2, 3, 41, 79
What are the prime factors of 23568?
2, 3, 491
What are the prime factors of 24457827?
3, 8152609
What are the prime factors of 37151274?
2, 3, 227, 27277
What are the prime factors of 26980?
2, 5, 19, 71
What are the prime factors of 18383466?
2, 3, 163, 18797
What are the prime factors of 332380?
2, 5, 16619
What are the prime factors of 2628292?
2, 73, 9001
What are the prime factors of 5862760?
2, 5, 103, 1423
List the prime factors of 394905.
3, 5, 7, 3761
List the prime factors of 7318217.
647, 11311
List the prime factors of 244332.
2, 3, 11, 617
What are the prime factors of 19221132?
2, 3, 7, 97, 337
What are the prime factors of 750138?
2, 3, 31, 37, 109
What are the prime factors of 466281?
3, 103, 503
What are the prime factors of 1842428?
2, 7, 29, 2269
List the prime factors of 4812280.
2, 5, 11, 10937
List the prime factors of 6008037.
3, 7, 23, 1777
List the prime factors of 682057.
17, 53, 757
What are the prime factors of 12518028?
2, 3, 89, 3907
List the prime factors of 327475.
5, 13099
What are the prime factors of 1974306?
2, 3, 281, 1171
What are the prime factors of 1147973?
83, 13831
List the prime factors of 333828.
2, 3, 11, 281
List the prime factors of 173200.
2, 5, 433
What are the prime factors of 45461?
13, 269
List the prime factors of 7417555.
5, 233, 6367
List the prime factors of 84829.
41, 2069
What are the prime factors of 119605?
5, 19, 1259
List the prime factors of 9737585.
5, 11, 13, 13619
What are the prime factors of 9824119?
9824119
What are the prime factors of 891591?
3, 31, 9587
What are the prime factors of 127284?
2, 3, 10607
What are the prime factors of 5142772?
2, 17, 75629
What are the prime factors of 221456?
2, 13841
What are the prime factors of 67198?
2, 33599
What are the prime factors of 986976?
2, 3, 23, 149
List the prime factors of 8192756.
2, 11, 13, 14323
List the prime factors of 2570.
2, 5, 257
List the prime factors of 4536973.
7, 43, 15073
List the prime factors of 383283.
3, 37, 1151
List the prime factors of 1838945.
5, 367789
List the prime factors of 2518254.
2, 3, 31, 4513
What are the prime factors of 11716095?
3, 5, 79, 9887
What are the prime factors of 425984?
2, 13
What are the prime factors of 11621517?
3, 3873839
What are the prime factors of 200234?
2, 53, 1889
What are the prime factors of 13852888?
2, 7, 35339
What are the prime factors of 993385?
5, 61, 3257
What are the prime factors of 443034?
2, 3, 151, 163
List the prime factors of 579490.
2, 5, 167, 347
List the prime factors of 4593888.
2, 3, 13, 409
What are the prime factors of 20421?
3, 2269
What are the prime factors of 1921806?
2, 3, 11863
What are the prime factors of 317396?
2, 79349
What are the prime factors of 79551?
3, 8839
List the prime factors of 1406002.
2, 13, 17, 3181
List the prime factors of 301567.
7, 67, 643
What are the prime factors of 5265516?
2, 3, 438793
What are the prime factors of 11940?
2, 3, 5, 199
List the prime factors of 390139.
43, 211
List the prime factors of 412296.
2, 3, 41, 419
List the prime factors of 531275.
5, 79, 269
What are the prime factors of 103619?
103619
List the prime factors of 19698004.
2, 4924501
List the prime factors of 3887998.
2, 367, 5297
What are the prime factors of 166230?
2, 3, 5, 1847
List the prime factors of 195017.
23, 61, 139
What are the prime factors of 7167266?
2, 3583633
List the prime factors of 162071.
7, 13, 137
What are the prime factors of 425087?
13, 19, 1721
What are the prime factors of 11286011?
11, 17, 60353
What are the prime factors of 8608537?
7, 71, 17321
What are the prime factors of 20581116?
2, 3, 223, 7691
List the prime factors of 2970065.
5, 7, 84859
What are the prime factors of 49258?
2, 11, 2239
What are 